and 3048.
381
What is the greatest common factor of 214728 and 690?
138
What is the greatest common factor of 134 and 365954?
134
Calculate the greatest common factor of 176170 and 21185.
1115
What is the highest common factor of 196424 and 56?
8
Calculate the highest common divisor of 990 and 2310.
330
Calculate the highest common divisor of 564 and 166004.
188
Calculate the greatest common divisor of 106 and 4563406.
106
Calculate the greatest common factor of 961312 and 704.
352
What is the highest common factor of 2970 and 242?
22
What is the greatest common factor of 368 and 94461?
23
What is the highest common factor of 254 and 6360414?
254
What is the highest common divisor of 3903 and 111?
3
What is the greatest common factor of 110494 and 132374?
1094
What is the highest common divisor of 6 and 55388?
2
Calculate the highest common factor of 189 and 4389.
21
Calculate the highest common divisor of 3407922 and 2142.
2142
What is the highest common factor of 972092 and 44?
44
What is the greatest common divisor of 7267367 and 19?
19
What is the greatest common factor of 405 and 270255?
15
What is the greatest common factor of 102 and 88026?
102
What is the greatest common divisor of 619 and 218507?
619
What is the greatest common factor of 703476 and 36?
36
Calculate the greatest common factor of 191361 and 4767.
681
What is the highest common divisor of 13 and 64?
1
Calculate the highest common divisor of 21983 and 280706.
1691
What is the greatest common factor of 323310 and 150?
30
Calculate the greatest common factor of 39330 and 5890.
190
Calculate the highest common factor of 5301180 and 54.
54
Calculate the highest common divisor of 2077446 and 42.
42
Calculate the highest common divisor of 178350 and 1722.
246
What is the greatest common factor of 140370 and 4440?
30
What is the greatest common factor of 542912 and 1497?
499
What is the greatest common divisor of 884 and 524654?
442
What is the greatest common factor of 48574 and 1304?
326
Calculate the highest common factor of 19646 and 44.
22
Calculate the highest common factor of 1 and 312841.
1
Calculate the greatest common factor of 426 and 4331.
71
Calculate the highest common divisor of 4573 and 6994.
269
What is the greatest common divisor of 165 and 19860?
15
Calculate the greatest common factor of 1194 and 401582.
398
Calculate the greatest common factor of 242 and 840829.
121
Calculate the greatest common factor of 63928 and 4087.
61
What is the greatest common factor of 1375 and 11110?
55
What is the highest common divisor of 594 and 19063?
11
Calculate the highest common divisor of 2139 and 4393.
23
Calculate the highest common divisor of 6 and 242754.
6
Calculate the greatest common factor of 12 and 830652.
12
Calculate the greatest common factor of 68024 and 264.
88
What is the greatest common factor of 693247 and 1174?
587
Calculate the highest common divisor of 73739 and 228.
19
What is the highest common divisor of 152830 and 510?
170
What is the highest common factor of 27260 and 5546?
94
What is the greatest common factor of 48 and 8502?
6
Calculate the highest common factor of 1464 and 854.
122
Calculate the highest common divisor of 34028 and 29322.
362
Calculate the highest common divisor of 240 and 6364880.
80
Calculate the greatest common divisor of 117162 and 69.
69
Calculate the greatest common factor of 87 and 144681.
87
Calculate the highest common divisor of 26 and 2872285.
13
What is the greatest common divisor of 67953 and 21?
3
Calculate the greatest common divisor of 78404 and 5950.
34
What is the greatest common factor of 1233 and 1096?
137
What is the highest common factor of 63 and 862071?
21
What is the greatest common factor of 46 and 3243?
23
What is the highest common divisor of 700 and 673820?
140
Calculate the highest common factor of 130 and 130845.
65
Calculate the greatest common factor of 270501 and 154.
77
What is the highest common factor of 792 and 268344?
72
Calculate the greatest common factor of 381 and 16637.
127
Calculate the greatest common divisor of 9713 and 803.
11
Calculate the highest common factor of 128 and 678592.
64
Calculate the greatest common factor of 50871 and 1209.
93
What is the greatest common divisor of 82001 and 86?
43
What is the highest common factor of 185877 and 38?
19
What is the highest common divisor of 330848 and 140?
28
Calculate the highest common factor of 181148 and 644.
92
What is the greatest common factor of 25713 and 72?
9
Calculate the greatest common factor of 2660 and 24080.
140
What is the greatest common factor of 452 and 31979?
113
Calculate the greatest common divisor of 10047 and 559677.
591
What is the greatest common factor of 345053 and 178?
89
What is the greatest common factor of 13509150 and 75?
75
What is the greatest common divisor of 1827 and 33901?
203
What is the greatest common factor of 11 and 728288?
11
Calculate the highest common factor of 27633 and 732.
183
What is the greatest common divisor of 360 and 808440?
120
Calculate the highest common factor of 946 and 6794.
86
What is the greatest common divisor of 415 and 446955?
415
What is the greatest common factor of 16870 and 4984?
14
What is the greatest common factor of 12306 and 89365?
293
What is the greatest common divisor of 28864 and 968?
88
Calculate the highest common factor of 6377940 and 620.
620
Calculate the highest common divisor of 13919 and 217.
31
What is the greatest common divisor of 1000 and 296080?
40
What is the highest common factor of 1976 and 67678?
494
What is the greatest common factor of 1409 and 26?
1
Calculate the highest common divisor of 78 and 11706.
6
Calculate the highest common divisor of 918 and 2856.
102
Calculate the greatest common divisor of 8 and 9621.
1
Calculate the highest common divisor of 5880 and 8904.
168
Calculate the greatest common factor of 569760 and 7680.
480
What is the greatest common factor of 12386 and 5082?
22
Calculate the greatest common divisor of 102810 and 9685.
745
What is the highest common divisor of 26986 and 7074?
262
What is the highest common factor of 225 and 14778?
9
What is the greatest common factor of 360 and 24550?
10
What is the greatest common divisor of 91 and 896?
7
Calculate the highest common factor of 105920 and 20.
20
Calculate the highest common factor of 7178 and 4850.
194
What is the highest common divisor of 238792 and 9272?
152
Calculate the highest common divisor of 30 and 1605.
15
Calculate the greatest common factor of 2102192 and 1272.
424
What is the highest common divisor of 532 and 3667?
19
Calculate the greatest common divisor of 21603 and 1767.
57
What is the greatest common factor of 220 and 37015?
55
Calculate the greatest common factor of 115302 and 2442.
66
What is the greatest common divisor of 702720 and 96?
96
Calculate the greatest common factor of 3 and 55953.
3
What is the greatest common divisor of 1881427 and 67?
67
Calculate the greatest common divisor of 12405 and 11805.
15
What is the greatest common factor of 583 and 6360?
53
What is the highest common divisor of 3014 and 210706?
274
Calculate the greatest common factor of 993 and 769906.
331
What is the greatest common factor of 482 and 111101?
241
What is the highest common divisor of 18 and 19944?
18
What is the highest common factor of 46436 and 260?
52
What is the greatest common factor of 3991342 and 179?
179
Calculate the greatest common factor of 21 and 1919435.
7
Calculate the highest common divisor of 14703 and 9126.
507
Calculate the greatest common divisor of 74 and 121508.
74
What is the greatest common divisor of 278 and 10981?
139
Calculate the highest common divisor of 26 and 170326.
26
What is the greatest common divisor of 5655 and 9165?
195
Calculate the greatest common divisor of 1028 and 271906.
514
Calculate the greatest common factor of 10720 and 75710.
670
Calculate the highest common divisor of 684 and 206910.
342
What is the greatest common divisor of 23738 and 550?
22
What is the greatest common factor of 95 and 1177335?
95
Calculate the greatest common divisor of 596 and 2511842.
298
Calculate the highest common divisor of 162 and 60183.
81
What is the highest common divisor of 726 and 73568?
242
Calculate the greatest 